ds digit of i?
1
Let g = 3 + 1. Suppose g*l - 11 = 5*a, 0*l - 7 = a - 2*l. What is the units digit of a?
1
Let y(l) = l**3 + 6*l**2 + 5*l - 4. Let a(j) = -5*j**3 - j**2 - 2*j - 1. Let h be a(-1). Suppose 0 = h*m + 18 + 2. What is the units digit of y(m)?
8
Let z be -9*6*3/(-6). Let k = -12 + z. What is the units digit of k?
5
Let n(l) = -4*l**2 + 4*l**2 + l**2 - 1. Let s be n(-3). Suppose -5*o = -s + 3. What is the units digit of o?
1
Suppose 2*v - 8 = -2*t, t - 5*v + 11 = 3*t. Suppose 3*a - 76 = 2*j + 2*j, 0 = -t*j - 12. What is the units digit of a?
0
Let a(k) = 5*k + 8. Let g be (-38)/(-6) - 3/9. Let h be a(g). Suppose h = 4*t + 2. What is the units digit of t?
9
Suppose -36*y - 88 = -38*y. What is the units digit of y?
4
Let m(a) = a**3 - 8*a**2 + 9*a + 2. Let z = 9 + -2. What is the tens digit of m(z)?
1
Let f = 8 - 3. Suppose 7*v - 850 = -220. Suppose 0*n + v = f*n. What is the units digit of n?
8
Suppose 2*k = 4*k - 88. What is the tens digit of k?
4
Let f(o) = o**3 + 4*o**2 + 4*o + 3. Let q be f(-2). Suppose 3*s = 2*u, 3*s + 0*s + q*u - 15 = 0. What is the units digit of 0 + s + -2 - -4?
4
Let u(b) be the second derivative of -b**5/20 - 7*b**4/12 - 5*b**3/3 - 9*b**2/2 + 4*b. What is the units digit of u(-6)?
5
Let t = 212 - 44. Suppose 0 = -2*v - 2*v + t. What is the tens digit of v?
4
Let z(u) = 8*u - 3*u + 0*u - 1. Let r be z(3). Suppose 22 = 4*w - r. What is the units digit of w?
9
Suppose 0 = -0*l - 3*l + 9. What is the units digit of l?
3
Let v(w) = w + 21. What is the units digit of v(-13)?
8
Suppose -6*z + z - 2*y = -21, -21 = -2*z - 5*y. Suppose 0*s + z = -s. Let v = 12 + s. What is the units digit of v?
9
Suppose 15 = 2*q + a, 0 = 5*a + 7 - 22. Let r = q + 5. What is the tens digit of r?
1
Let w = 596 - 275. What is the hundreds digit of w?
3
Suppose -h + 8 = h. Let b = h - 6. What is the tens digit of b/(-10)*13*5?
1
Let g = 150 - 71. What is the units digit of g?
9
Let w = -7 - -6. Let p(u) = u**2 - u - 1. Let l be p(w). Suppose -5*g + l = -9. What is the units digit of g?
2
Let n be 2/(-4 + 5) + -1. What is the units digit of -4 - (-3 + (-24)/n)?
3
Let p(h) = h**3 + 16*h**2 + 10. What is the tens digit of p(-14)?
0
Let t = 51 - 37. What is the tens digit of t?
1
Let i be 1/((-5)/4)*25. Let w = -4 - i. What is the tens digit of w?
1
Suppose 3*d - 238 = 2*d. What is the units digit of d?
8
Let i = -2 + 1. Let k = -1 - i. Suppose c + k*c = 8. What is the units digit of c?
8
Suppose 2*r = 3*u - 12, -u - 2*r + 5*r + 11 = 0. Let b be (-224)/(-12) - 4/6. Suppose 0*g = u*g - b. What is the units digit of g?
9
Suppose p + 6 = 2*p. What is the units digit of 81/p - (-12)/8?
5
What is the units digit of (0 + -12)/((-3)/2)?
8
Suppose -2*y + 11 + 5 = 0. Let u(x) = -x**3 + 8*x**2 + 2*x - 5. What is the units digit of u(y)?
1
Suppose 0 = -b + 5*b. What is the units digit of (-1 - b)*(1 + -2)?
1
Let b = 5 - 0. Suppose -2*w = 3*c + 1, -4*c + c - b = 4*w. Suppose -c = -2*p + 1. What is the units digit of p?
1
Let g(n) = n**2 + 17*n + 21. Let p be g(-15). Let v be (0 - 1 - -2)*-11. Let l = p - v. What is the units digit of l?
2
Let j be 1 - 1/2*58. Let n = j + 40. Suppose 0 = -3*a - 0*a + n. What is the units digit of a?
4
Let v = -11 - -9. Let n be (v/(-4))/(4/96). Suppose x - n = 8. What is the tens digit of x?
2
Suppose -7*l = -2*l - 20. Suppose -38 = l*s - 210. What is the units digit of s?
3
Suppose 5*b - 9 = -x + 47, 4*x + 7 = b. Let d(c) = c**3 - 10*c**2 - 10*c + 7. What is the units digit of d(b)?
8
Let o(f) = -9*f - 3*f**2 + 5*f**2 + 9 + 0*f. What is the units digit of o(6)?
7
Let s = -13 + 41. What is the tens digit of s?
2
Let o(y) = -3*y + 5. Let s be o(-5). Suppose -u = 3*z - s, 0 = -u - 5*z - 5 + 27. What is the units digit of u?
7
What is the units digit of 1 + (3 - 4) + 97?
7
Let f(x) = x**3 + 7*x**2 - 8*x. Let j be f(-8). Suppose j = 3*c - c + 24. Let a = 23 + c. What is the units digit of a?
1
Let i(t) = 12*t**2 + 4*t - 11. What is the units digit of i(4)?
7
Let g be (-2 - (-68)/16)*-4. Let h(b) = -b**2 - 12*b + 8. What is the tens digit of h(g)?
3
Suppose -4*v + 18 = 4*a - 14, -5*v + 16 = a. Let m = 4 - a. What is the units digit of 0/(4 - 1) - m?
2
Let v(j) = -6*j**3 - 3*j - 4. What is the units digit of v(-2)?
0
What is the hundreds digit of ((-12)/10)/(4/(-10)) - -202?
2
Let j(m) = m**2 + 7*m + 9. Let p(y) = -y**3 - 3*y - 2. Let v be p(-2). Let r = -19 + v. What is the units digit of j(r)?
9
Let b(d) = d**2 - 6*d - 3. What is the units digit of b(7)?
4
Suppose 0 = -4*q - q. Suppose j - 7 - 9 = q. What is the tens digit of j?
1
Suppose 4*z - 2*l = 594, 5*z + 0*l - 4*l = 735. What is the units digit of z?
1
Let v(i) = -3*i**2 - 7*i - 1 - 3 - i**3 + 2*i. What is the units digit of v(-4)?
2
Let i = 33 - 20. What is the tens digit of i?
1
Let y(i) = -i**3 - 7*i**2 - 6*i. Let p be y(-6). What is the units digit of 17 + p + 2 + -3?
6
Let u(g) = g**2 + 5. Let h be u(0). Let q(r) = r**3 - 6*r**2 + 4*r + 6. Let w be q(h). Let s = w + 2. What is the units digit of s?
3
Let f be 1/(-2*2/(-16)). What is the tens digit of (f/(-6))/(2/(-33))?
1
Suppose 0 = 2*i - u - 1, 0*u = -4*u - 4. Let a = -2 + i. What is the tens digit of a/(-5) - (-96)/10?
1
Let s = 31 - 22. Let y be (-6)/21 - (-2)/7. Let a = s - y. What is the units digit of a?
9
Let z be (-1)/(((-9)/51)/3). Suppose r + 0*r = -z. Let k = -7 - r. What is the tens digit of k?
1
Let i(c) = c**2 + 4*c + 5. Let m be i(-4). Suppose 0*z = -m*z + 35. What is the units digit of z?
7
Suppose 7*z - 219 - 201 = 0. What is the units digit of z?
0
Suppose 3*c - 87 = -3*k, -4*k = 3*c - 40 - 49. What is the tens digit of c?
2
Suppose -3*t = 7 + 2. Let g(a) = -2*a - 4. Let s be g(t). What is the units digit of 2/s*-2 - -17?
5
What is the units digit of (228/(-42))/(2/(-14))?
8
Let c(l) = l - 4. Let n be c(7). Let x be (-1)/(0 - 1/n). Suppose -9 = -4*o + x. What is the units digit of o?
3
Suppose 0 = 2*y + 3*y - 40. Let n = 66 - y. Suppose -4*f + 8 = 0, 2*a + n = 6*a - 5*f. What is the units digit of a?
7
Let u be (69/18 + -4)*-6. What is the units digit of -8 - -4 - (u + -6)?
1
Let w = -12 + 76. What is the units digit of w?
4
Let a(c) be the second derivative of -c**5/20 - c**4/6 - 5*c**3/6 - 3*c**2 - 2*c. What is the units digit of a(-3)?
8
Let m = -10 - -7. Let a be (-4 - m) + (2 - 1). Suppose o + a*o = 2. What is the units digit of o?
2
Let b = 109 + -57. What is the units digit of b?
2
Let x = -10 - -13. What is the units digit of x?
3
Suppose 0 = -4*g - 3*t - 1, 2*g = -3*t - 4 - 1. Suppose -18 = 4*q - z, 3*q - g*z + 16 = -q. What is the units digit of (-2)/q + (-36)/(-10)?
4
Suppose -4*u + 130 = -3*u. What is the hundreds digit of u?
1
Suppose 3*g = -2*g + 60. What is the tens digit of g?
1
Let h(m) = m + 16. Let r be h(-7). Suppose -3*k = -0*k - r. What is the units digit of k?
3
Suppose 10*l - 5*l - 5 = 0. Let g = 10 + l. What is the tens digit of g?
1
Suppose -4*b + 240 = b. What is the tens digit of b?
4
Suppose 2*w - 5*w = -171. What is the tens digit of w?
5
Suppose 0 = -3*i - 2*i - m + 31, 2*i + 3*m = 15. What is the units digit of i?
6
Let p = -26 + 107. What is the units digit of p?
1
Let w(o) = -o**3 - o**2 - o + 89. What is the units digit of w(0)?
9
Let f be 220/(-14) + 10/(-35). Let r = f - -9. What is the units digit of (-89)/r + 10/35?
3
Suppose -12 - 4 = -4*d. Suppose -d*t + 10 = -3*t. What is the units digit of t?
0
Let c(a) = 3*a**2 - 5*a - 7. Let n(r) = -2*r**2 + 2*r + 3. Let k(f) = -3*c(f) - 5*n(f). Let w be k(-7). Suppose -s = -w + 8. What is the units digit of s?
2
Suppose 2*s + s = -v + 27, -5*v = -2*s + 35. Let f = 2 + s. What is the units digit of f?
2
Suppose -11*l + 30 = -8*l. What is the tens digit of l?
1
Suppose -5*p - 13 = -33. Suppose 0 = 2*d - 2*t - 6, -6 = 3*t - 0. Let g = d + p. What is the units digit of g?
5
Let g = 45 - 32. Let y = -6 + g. What is the units digit of y?
7
Let s(p) = -p**3 + 2*p + 13. What is the units digit of s(0)?
3
Let l(v) = 6*v. Let f(x) = -x + 1. Let n(o) = -15*f(o) - 3*l(o). What is the units digit of n(-6)?
3
Let s(f) = f**2 + 16*f + 16. Suppose 2*c = -2*c - 64. What is the tens digit of s(c)?
1
Let v = 73 - -127. What is the hundreds digit of v?
2
Let v = -8 + 3. Let a(t) be the second derivative of t**3/6 + 3*t**2 + 6*t. W